{"id":90,"date":"2016-05-30T11:09:07","date_gmt":"2016-05-30T11:09:07","guid":{"rendered":"https:\/\/bip.sanatorium-agat.pl\/?page_id=90"},"modified":"2026-01-14T13:26:41","modified_gmt":"2026-01-14T12:26:41","slug":"dla-przedstawicieli-firm-farmaceutycznych","status":"publish","type":"page","link":"https:\/\/bip.sanatorium-agat.pl\/?page_id=90","title":{"rendered":"Dla przedstawicieli firm farmaceutycznych:"},"content":{"rendered":"<h4><strong>Wniosek o wyra\u017cenie zgody na spotkanie z osobami uprawnionymi\u00a0<\/strong><\/h4>\n<p>Zgodnie z &amp;13 ust. 1-3 rozporz\u0105dzenia Ministra Zdrowia z dnia 21.11.2008 w sprawie reklamy produkt\u00f3w medycznych (Dz.U. Nr. 120 poz. 1327) informujemy firmy farmaceutyczne i ich przedstawicieli handlowych, \u017ce istnieje konieczno\u015b\u0107 uzyskania zgody Dyrektora Sanatorium na przedstawienie oferty handlowej w SP ZOZ Sanatorium Uzdrowiskowym MSWiA &#8222;Agat&#8221; w Jeleniej G\u00f3rze.<\/p>\n<p>W tym celu prosimy o wype\u0142nienie i z\u0142o\u017cenie w sekretariacie Sanatorium wniosku (wz\u00f3r poni\u017cej):<\/p>\n<p>\u00a0<\/p>\n<p>WZ\u00d3R: Wniosek o wyra\u017cenie zgody na spotkanie z osobami uprawnionymi<\/p>\n\n\n<div class=\"wp-block-file\"><a id=\"wp-block-file--media-474fa5f0-5517-4bfd-af26-6eb6d2b0dbac\" href=\"https:\/\/bip.sanatorium-agat.pl\/wp-content\/uploads\/2026\/01\/Wniosek-o-wyrazenie-zgody-na-spotkanie-z-osobami-uprawnionymi.docx\">Wniosek o wyra\u017cenie zgody na spotkanie z osobami uprawnionymi<\/a><a href=\"https:\/\/bip.sanatorium-agat.pl\/wp-content\/uploads\/2026\/01\/Wniosek-o-wyrazenie-zgody-na-spotkanie-z-osobami-uprawnionymi.docx\" class=\"wp-block-file__button wp-element-button\" download aria-describedby=\"wp-block-file--media-474fa5f0-5517-4bfd-af26-6eb6d2b0dbac\">Pobierz<\/a><\/div>\n\n\n\n<p>WZ\u00d3R: Zgoda na spotkanie przedstawiciela firmy farmaceutycznej<\/p>\n\n\n\n<div class=\"wp-block-file\"><a id=\"wp-block-file--media-c37d82eb-64dc-4c35-a7f9-2747b3e97b77\" href=\"https:\/\/bip.sanatorium-agat.pl\/wp-content\/uploads\/2026\/01\/Zgoda-na-spotkanie-przedstawiciela-firmy-farmaceutycznej.docx\">Zgoda na spotkanie przedstawiciela firmy farmaceutycznej<\/a><a href=\"https:\/\/bip.sanatorium-agat.pl\/wp-content\/uploads\/2026\/01\/Zgoda-na-spotkanie-przedstawiciela-firmy-farmaceutycznej.docx\" class=\"wp-block-file__button wp-element-button\" download aria-describedby=\"wp-block-file--media-c37d82eb-64dc-4c35-a7f9-2747b3e97b77\">Pobierz<\/a><\/div>\n","protected":false},"excerpt":{"rendered":"<p>Wniosek o wyra\u017cenie zgody na spotkanie z osobami uprawnionymi\u00a0 Zgodnie z &amp;13 ust. 1-3 rozporz\u0105dzenia Ministra Zdrowia z dnia 21.11.2008 w sprawie reklamy produkt\u00f3w medycznych (Dz.U. Nr. 120 poz. 1327) informujemy firmy farmaceutyczne i ich przedstawicieli handlowych, \u017ce istnieje konieczno\u015b\u0107 uzyskania zgody Dyrektora Sanatorium na przedstawienie oferty handlowej w SP ZOZ Sanatorium Uzdrowiskowym MSWiA &#8222;Agat&#8221; [&hellip;]<\/p>\n","protected":false},"author":1,"featured_media":0,"parent":0,"menu_order":0,"comment_status":"closed","ping_status":"closed","template":"","meta":{"footnotes":""},"class_list":["post-90","page","type-page","status-publish","hentry"],"_links":{"self":[{"href":"https:\/\/bip.sanatorium-agat.pl\/index.php?rest_route=\/wp\/v2\/pages\/90","targetHints":{"allow":["GET"]}}],"collection":[{"href":"https:\/\/bip.sanatorium-agat.pl\/index.php?rest_route=\/wp\/v2\/pages"}],"about":[{"href":"https:\/\/bip.sanatorium-agat.pl\/index.php?rest_route=\/wp\/v2\/types\/page"}],"author":[{"embeddable":true,"href":"https:\/\/bip.sanatorium-agat.pl\/index.php?rest_route=\/wp\/v2\/users\/1"}],"replies":[{"embeddable":true,"href":"https:\/\/bip.sanatorium-agat.pl\/index.php?rest_route=%2Fwp%2Fv2%2Fcomments&post=90"}],"version-history":[{"count":3,"href":"https:\/\/bip.sanatorium-agat.pl\/index.php?rest_route=\/wp\/v2\/pages\/90\/revisions"}],"predecessor-version":[{"id":7563,"href":"https:\/\/bip.sanatorium-agat.pl\/index.php?rest_route=\/wp\/v2\/pages\/90\/revisions\/7563"}],"wp:attachment":[{"href":"https:\/\/bip.sanatorium-agat.pl\/index.php?rest_route=%2Fwp%2Fv2%2Fmedia&parent=90"}],"curies":[{"name":"wp","href":"https:\/\/api.w.org\/{rel}","templated":true}]}}